
What is the remainder when 70213696 is divided by 35301?
7
What is the remainder when 279697 is divided by 139140?
1417
What is the remainder when 3448654 is divided by 67618?
136
What is the remainder when 7058922 is divided by 983?
982
What is the remainder when 19060494 is divided by 9530227?
40
Calculate the remainder when 1345614 is divided by 96.
78
What is the remainder when 15089909 is divided by 1005993?
14
Calculate the remainder when 92601 is divided by 4556.
1481
What is the remainder when 3794556 is divided by 128?
124
What is the remainder when 3302 is divided by 873?
683
What is the remainder when 894147 is divided by 223510?
107
What is the remainder when 612386 is divided by 68009?
305
What is the remainder when 2834783 is divided by 28634?
17
What is the remainder when 11355 is divided by 100?
55
Calculate the remainder when 10184703 is divided by 52.
35
What is the remainder when 1584709 is divided by 105647?
4
Calculate the remainder when 1047317 is divided by 1329.
65
What is the remainder when 204706 is divided by 699?
598
What is the remainder when 6268 is divided by 57?
55
Calculate the remainder when 91826 is divided by 30122.
1460
What is the remainder when 138749 is divided by 27572?
889
What is the remainder when 283596 is divided by 109?
87
What is the remainder when 2029711 is divided by 676569?
4
Calculate the remainder when 1077973 is divided by 2118.
2029
Calculate the remainder when 4580984 is divided by 4580955.
29
What is the remainder when 222774 is divided by 44498?
284
What is the remainder when 13722 is divided by 1878?
576
Calculate the remainder when 537068 is divided by 210.
98
Calculate the remainder when 548313 is divided by 135619.
5837
Calculate the remainder when 2490399 is divided by 178.
1
Calculate the remainder when 24738682 is divided by 6222.
10
Calculate the remainder when 171400 is divided by 303.
205
Calculate the remainder when 96188 is divided by 3817.
763
What is the remainder when 1792 is divided by 360?
352
What is the remainder when 1821056 is divided by 4587?
17
What is the remainder when 101014799 is divided by 6214?
15
Calculate the remainder when 105577733 is divided by 3559.
3557
What is the remainder when 109116 is divided by 10563?
3486
What is the remainder when 446785 is divided by 1202?
843
Calculate the remainder when 220466 is divided by 220345.
121
What is the remainder when 50900 is divided by 12069?
2624
Calculate the remainder when 1667195 is divided by 4117.
3927
What is the remainder when 69386 is divided by 725?
511
What is the remainder when 128750862 is divided by 18?
12
Calculate the remainder when 223397 is divided by 1904.
629
What is the remainder when 44329451 is divided by 39334?
33
What is the remainder when 17999 is divided by 19?
6
Calculate the remainder when 29286152 is divided by 8989.
8979
What is the remainder when 28025270 is divided by 1578?
1568
Calculate the remainder when 68866 is divided by 704.
578
Calculate the remainder when 469214 is divided by 14656.
222
Calculate the remainder when 12124014 is divided by 27.
15
Calculate the remainder when 847547 is divided by 1558.
1553
What is the remainder when 406808849 is divided by 28?
13
What is the remainder when 22211638 is divided by 2607?
2605
Calculate the remainder when 37644 is divided by 18415.
814
Calculate the remainder when 1387369 is divided by 324.
1
What is the remainder when 88909 is divided by 5361?
3133
What is the remainder when 3021330 is divided by 33?
15
Calculate the remainder when 7295910 is divided by 57904.
6
What is the remainder when 1199725 is divided by 5579?
240
What is the remainder when 13500716 is divided by 40?
36
What is the remainder when 518508 is divided by 19138?
1782
Calculate the remainder when 50545837 is divided by 47.
16
What is the remainder when 43060 is divided by 61?
55
What is the remainder when 12938804 is divided by 12938689?
115
Calculate the remainder when 16791810 is divided by 177.
174
What is the remainder when 3466373 is divided by 816?
5
What is the remainder when 2435476 is divided by 55?
21
What is the remainder when 2639189 is divided by 94?
45
What is the remainder when 1449113 is divided by 342?
59
What is the remainder when 2704961 is divided by 225?
11
What is the remainder when 46830024 is divided by 62?
60
What is the remainder when 3950590 is divided by 2786?
42
Calculate the remainder when 37288753 is divided by 126.
61
Calculate the remainder when 119119647 is divided by 11574.
39
Calculate the remainder when 137913 is divided by 34404.
297
Calculate the remainder when 329969 is divided by 329909.
60
Calculate the remainder when 70008321 is divided by 3890.
3881
What is the remainder when 158050 is divided by 510?
460
Calculate the remainder when 8575729 is divided by 2465.
2459
What is the remainder when 102999239 is divided by 8?
7
What is the remainder when 310069 is divided by 523?
453
What is the remainder when 1024063 is divided by 341351?
10
Calculate the remainder when 1953014 is divided by 50076.
50
What is the remainder when 957722 is divided by 159619?
8
What is the remainder when 3006384 is divided by 193?
23
Calculate the remainder when 23679154 is divided by 3946525.
4
Calculate the remainder when 502656 is divided by 75.
6
What is the remainder when 285274 is divided by 3522?
3514
Calculate the remainder when 535379 is divided by 7042.
187
What is the remainder when 2676443 is divided by 4374?
3929
What is the remainder when 126197 is divided by 15757?
141
What is the remainder when 103036181 is divided by 6?
5
What is the remainder when 1848215 is divided by 30?
5
Calculate the remainder when 18028390 is divided by 2541.
2536
Calculate the remainder when 11777 is divided by 285.
92
Calculate the remainder when 1042101 is divided by 924.
753
What is the remainder when 49992 is divided by 1978?
542
Calculate the remainder when 92897 is divided by 92864.
33
What is the remainder when 15077398 is divided by 3370?
18
Calculate the remainder when 16520701 is divided by 1574.
1571
What is the remainder when 1309142 is divided by 93?
74
What is the remainder when 74741937 is divided by 2669354?
25
Calculate the remainder when 1851331 is divided by 20123.
15
What is the remainder when 397766 is divided by 2151?
1982
Calculate the remainder when 48977424 is divided by 1224435.
24
Calculate the remainder when 1157511 is divided by 4823.
4814
Calculate the remainder when 39926 is divided by 39592.
334
What is the remainder when 18908 is divided by 1503?
872
Calculate the remainder when 5058 is divided by 239.
39
What is the remainder when 178844466 is divided by 1988?
10
What is the remainder when 599676043 is divided by 36?
31
What is the remainder when 364665 is divided by 1526?
1477
What is the remainder when 150726 is divided by 89?
49
What is the remainder when 1344121 is divided by 5314?
4993
Calculate the remainder when 316642 is divided by 316158.
484
Calculate the remainder when 39458798 is divided by 6995.
3
Calculate the remainder when 41271419 is divided by 2337.
2336
Calculate the remainder when 513350 is divided by 2.
0
What is the remainder when 57954 is divided by 19223?
285
Calculate the remainder when 156162 is divided by 8472.
3666
Calculate the remainder when 374984 is divided by 124623.
1115
Calculate the remainder when 89700494 is divided by 124.
10
What is the remainder when 4871802 is divided by 7315?
12
What is the remainder when 786642 is divided by 98321?
74
What is the remainder when 40855229 is divided by 1772?
1769
What is the remainder when 12914039 is divided by 4101?
4091
What is the remainder when 50307645 is divided by 1416?
1413
What is the remainder when 125889 is divided by 36?
33
What is the remainder when 21101237 is divided by 58942?
1
What is the remainder when 4065858 is divided by 118?
50
What is the remainder when 60969408 is divided by 618?
0
Calculate the remainder when 194333 is divided by 48570.
53
What is the remainder when 4355372 is divided by 3992?
100
What is the remainder when 48264 is divided by 321?
114
Calculate the remainder when 3346925 is divided by 71.
56
What is the remainder when 2819381 is divided by 29?
1
What is the remainder when 211239543 is divided